pose -846 = 5*w - y. List the prime factors of w.
2, 19
Let r(d) = -d**2 - 5*d. Let q be r(-5). Let h(i) = -53*i + 254. Let b be h(-9). Suppose q = -11*g + b + 1128. List the prime factors of g.
13
Let y(o) = 6*o + 18. Let p be y(-4). Let k(f) = -f**2 - 8*f - 10. Let c be k(p). Suppose c*m = 350 - 142. What are the prime factors of m?
2, 13
Suppose -3*k = 4*g + 5510 - 1224, 0 = -2*k - 3*g - 2857. Let q = k - -2322. What are the prime factors of q?
2, 223
Let x = 83 + -81. Suppose -x*c + 4*f + 2668 = 0, 4*c + 3*f - 2*f = 5300. Suppose -11*n = -5*n - c. What are the prime factors of n?
13, 17
Let q = 128 + -116. What are the prime factors of -1167*(-4 + 40/q)?
2, 389
Let d(c) = c**3 - 27*c - 21. Let w = -276 + 288. List the prime factors of d(w).
3, 461
Let v = -22452 + 38179. What are the prime factors of v?
15727
Suppose 0 = 3*j + 4*f + 3, 1 = -5*j + 3*f - 4. Let o be (-416)/(-72) + (j - 22/(-18)). List the prime factors of (5 - 1140/(-9)) + 2/o.
2, 3, 11
Let p(z) = -7*z**3 + 32*z**2 + z - 21. What are the prime factors of p(-9)?
3, 5, 7, 73
Let b = -100 + 97. Let h(p) = -228*p - 16. Let q be h(b). Let g = 936 - q. What are the prime factors of g?
2, 67
Let p(s) = 12139*s**3 - 7*s**2 + 12*s - 5. What are the prime factors of p(1)?
61, 199
Let m(c) be the first derivative of c**3 + 2*c**2 - 6*c + 8. Let u be m(2). Suppose u*i - 540 = 9*i. List the prime factors of i.
2, 3
Suppose -212884 = -142*j + 307299 + 411195. List the prime factors of j.
7, 937
List the prime factors of ((-26)/(-221))/(3/453237).
2, 8887
Let t = -448 - -451. List the prime factors of 268/t*120/16.
2, 5, 67
Suppose 0 = 5*b + 2*q - 15910, 3*b = 5*q + 6664 + 2851. Suppose v - b = -19*v. List the prime factors of v.
3, 53
Let t = 7639 + -6526. List the prime factors of t.
3, 7, 53
Suppose 4*f + h = -3930, -13*f + 12*f = 5*h + 973. Let d = 1731 + f. What are the prime factors of d?
2, 11, 17
Let o(b) = 207*b - 9. Let x(g) = -207*g + 7. Let r(v) = -5*o(v) - 6*x(v). List the prime factors of r(2).
3, 139
Let n(h) = 31*h**2 - 535*h + 3236. List the prime factors of n(6).
2, 571
Let b = -10 - -12. Let h be (6/b - 4)*-2. Suppose -3*f = h*l - 218, -2*l - 76 = -f - l. List the prime factors of f.
2, 37
Let t(s) = 4*s**3 - 2*s**2 - 25*s + 141. List the prime factors of t(19).
2, 5, 1319
Let s = -36 - -34. List the prime factors of 8/(-4)*181/s.
181
Let w be (-5)/2*48/(-30). Suppose -3*x + 195 = -f + 4*f, w*f - 3*x - 232 = 0. Let i = 136 - f. List the prime factors of i.
3, 5
Suppose -4*q + x = -3074 + 1077, 3*x + 1011 = 2*q. Let r = q + 424. What are the prime factors of r?
2, 461
Let c = -19919 - -66656. List the prime factors of c.
3, 577
Suppose 29*g - 109*g + 841520 = 0. List the prime factors of g.
67, 157
Suppose 4 = -2*i - 2, 3*n + 4*i = -9. Suppose 0 = -5*u + 5*j + 2465, -9 = 4*j - n. Suppose 7*c - u - 1525 = 0. What are the prime factors of c?
2, 3
Suppose -6*f - 106 = -p, -5*p - 22*f + 17*f = -600. List the prime factors of p.
2, 59
Let y(m) = 2635*m**3 + 2*m**2 + 2*m - 4. What are the prime factors of y(1)?
5, 17, 31
Let w = 10 - 5. Suppose -11*s + 749 = -857. Suppose 0 = -7*n + w*n + s. List the prime factors of n.
73
Suppose 12*j + 25 = 145. Let v(u) = u**3 - 4*u**2 + 25*u - 42. List the prime factors of v(j).
2, 101
Let b(j) = j**3 + 11*j**2 + 12*j + 12. Let g be 6/(-27) + 104/(-18). Let f be b(g). Suppose -3*k - v = -325, k = 4*v - 29 + f. List the prime factors of k.
107
List the prime factors of ((-11174)/10)/((-104)/1040).
2, 37, 151
Let f be -1*(-4)/8 + 449/(-2). Let b = -139 - f. List the prime factors of (4/30*-6)/((-2)/b).
2, 17
Suppose -g + 56 = q, -4*g = -5*q + 295 - 33. Suppose a = -y + q, -a = 4*y - 0*a - 210. Suppose 0 = -4*d + y + 16. What are the prime factors of d?
17
Suppose -103451 = -59*w + 37382. List the prime factors of w.
7, 11, 31
Suppose 6*p - 3*s = 9*p - 21, -s + 13 = 3*p. Suppose p*d + x = -x + 5090, 0 = -5*d + 2*x + 8462. What are the prime factors of d?
2, 7, 11
Let w = 39 - 32. Suppose 2*x = 0, q = 3*x + x. Suppose q = -w*n + 25 + 409. What are the prime factors of n?
2, 31
Suppose -5*x + 2*l + 2083 = -2*l, -5*x + 2081 = -3*l. Suppose 11 = 2*j - 17. What are the prime factors of x/7 + j/(-49)?
59
Let h(d) = -d**3 - 5*d**2 + 13*d - 4. Let w be h(-7). Let v(g) = 176*g + 6. Let n be v(w). What are the prime factors of 1/(21/n) + (-24)/56?
5
Suppose -3*z = 2*z + 75. Let v = z + 77. Let w = v + -7. What are the prime factors of w?
5, 11
List the prime factors of (-22350)/(-3) - (24 - 10).
2, 11, 13
Let g(p) = -51*p - 5. Let r be g(-3). Suppose 7*o + r = 11*o. Suppose s - 4*x = o, -129 = s - 3*s - 3*x. What are the prime factors of s?
3, 19
Suppose -a - 724 = -b, 3*a + 733 = b + 5*a. What are the prime factors of b?
727
Suppose 0 = -4*v - 0*i - 4*i + 24, i + 9 = 2*v. Suppose 0 = 12*l - 4*l - 1144. Suppose 3*h + l = 5*h + d, 5*h - 395 = v*d. List the prime factors of h.
2, 37
Suppose 29213 = 2*g + 2*j + 1297, 0 = -2*g + j + 27922. List the prime factors of g.
2, 5, 349
Let x(s) = -s - 63. Suppose 3*n = -i + 3*i + 3, 3*i - 3*n + 3 = 0. Let m be x(i). Let h = m + 85. List the prime factors of h.
2, 11
Suppose 4439 = 16*y + 1751. Suppose 0*a - y = -7*a. Let l = a - -80. What are the prime factors of l?
2, 13
Let r(h) = 3*h**3 - h**2 + 6*h - 8. Let f be r(4). Suppose -2*k - f = -0*k. Let n = 151 + k. List the prime factors of n.
5, 11
List the prime factors of 151052/11 + -18 - 19.
3, 5, 11, 83
Let r(h) = 236*h**2 + 7*h + 7. Let u be r(-1). Let a = 273 - u. List the prime factors of a.
37
Suppose 541*r = 547*r + 120. Let s(v) = v**3 + 22*v**2 + 15*v - 66. What are the prime factors of s(r)?
2, 7, 31
Let w(z) = 135*z + 30. Let d be w(4). Let o = 29 + d. List the prime factors of o.
599
Let n(l) = -5355*l + 1387. List the prime factors of n(-5).
2, 14081
Let j(m) be the first derivative of -2*m**3/3 - 91*m**2/2 + 63*m + 268. List the prime factors of j(-31).
2, 13, 37
Let z(w) = w**2 - 6*w - 95. Let k be z(-7). What are the prime factors of (k + (25 - 0))*(-775)/(-15)?
5, 7, 31
Let y(c) = -2*c**2 + 8*c**3 + 141*c + 4 - 3 - 134*c - 3*c**3. List the prime factors of y(3).
139
List the prime factors of 98/(-14)*(189360/28)/(-6).
2, 3, 5, 263
Let b(s) = 14*s**2 - 55*s - 318. List the prime factors of b(-18).
2, 3, 7, 31
Suppose -19*r + 5*v + 21780 = -14*r, -2*r + v + 8714 = 0. List the prime factors of r.
2, 2179
Suppose -49*j + 95216 = -41*j. What are the prime factors of j?
2, 11, 541
Let d be (-4)/26 + 2/13. Suppose 0 = 3*p - s - 745, -s - 249 = -p - d*p. Suppose -x + 4*n = -87, -3*x = 4*n - 3*n - p. List the prime factors of x.
83
Let p(i) = 625*i - 105. Let n(j) = -48*j + 8. Let d(w) = -40*n(w) - 3*p(w). Let z = -120 + 123. What are the prime factors of d(z)?
2, 5, 13
Suppose 0 = 251*s - 293*s + 37548. List the prime factors of s.
2, 3, 149
Suppose -39*b = -60*b + 109725. What are the prime factors of b?
5, 11, 19
Let m(o) = -2953*o + 2657. List the prime factors of m(-14).
23, 1913
Suppose -1025863 = -88*h + 1829390 - 591453. List the prime factors of h.
3, 5, 7
Let q(a) be the third derivative of -a**4/12 - 19*a**3/6 - 12*a**2. Let f be q(-9). Let x(y) = 69*y**2 + 3*y + 3. What are the prime factors of x(f)?
3, 23
Let o be ((-14)/4)/((-6)/12). Suppose o*h + 10 + 4 = 0. List the prime factors of (-1 - h)/(4/(-8)) - -229.
227
Suppose 5*m - 119 = 3*z, 17*m - 20*z - 368 = -22*z. Let a(f) = 14*f + 59 - 89 - 64. List the prime factors of a(m).
2, 107
Let r = 136 + 975. Let n = 1895 - r. What are the prime factors of n?
2, 7
Suppose -5*f + 647 = 4*p, 6*f = 5*p + 8*f - 796. Suppose 0 = -4*u + 4*z + 928, -3*u - 3*z = -p - 514. What are the prime factors of u?
2, 3, 19
Let b be (-2 - (-16 - -7)) + 676. Let p = b + 443. What are the prime factors of p?
2, 563
Let u = 8439 - -123. List the prime factors of u.
2, 3, 1427
Suppose -4*c + 2913 = -87. Suppose 8*y - 1506 = c. List the prime factors of y.
2, 3, 47
Let f be (1 - 4)/(6/4). Suppose 0 = 72*q - 117*q - 27225. List the prime factors of (-1)/(((-10)/q)/f).
11
Suppose 12*h - 5*q - 8135 = 7*h, 3245 = 2*h - 5*q. What are the prime factors of h?
2, 5, 163
Let u(w) = w**2 + 4862*w - 10 - 4860*w + 40*w**2. List the prime factors of u(3).
5, 73
Let j = 248 - 48. Let v = j - -36. List the prime factors of v.
2, 5